r when a is divided by o?
0
Suppose 2*q - 3 = -q. Let a(f) = -227*f - 3073. Calculate the remainder when a(-14) is divided by (q/(-2))/(2/(-108)).
24
Suppose -1618 = -7*z + t, 2*z + 140*t - 434 = 145*t. What is the remainder when 4174 is divided by z?
230
Let t be (-2 + 27/6)*(-6)/(-5). Let l(o) = -9 - 12 - o**2 - o**t + o + 15. Calculate the remainder when l(-3) is divided by 5.
4
Let m(d) = 6*d**3 - 8*d + 27. Let u be m(5). Let b = u + -620. Calculate the remainder when b is divided by 49.
19
Let x = 4 - 0. Suppose x*g - 88 + 16 = -3*i, -3*g + 5*i + 25 = 0. Calculate the remainder when (-2)/7 + 510/21 is divided by g.
9
Suppose -2*q = -3*l + 4, 0 = 7*l - 6*l + 3*q - 16. Calculate the remainder when (-1 - l - -185)/(2/3) is divided by 39.
36
Suppose -d = 3*k - 395, -8*d + 4*k + 1937 = -3*d. Let z = -349 + d. Calculate the remainder when 877 is divided by z.
37
Let j = -1858 - -2125. What is the remainder when j is divided by 54?
51
Suppose 0 = -q + 3*q. Let j(a) = -9*a - 124. Let k be j(-16). Suppose q = 7*r - k - 36. What is the remainder when r is divided by 5?
3
Let g(c) = -c**3 + 13*c**2 + 16*c + 7. Let h(l) = -l**3 + 35*l**2 - 67*l + 51. What is the remainder when g(14) is divided by h(33)?
17
Let j = 4595 - 2086. What is the remainder when j is divided by 27?
25
Let g(a) = a**3 - 3*a**2 + a. Let b be g(3). Suppose -o = 3*l - 56, -l = 2*o - b*l - 112. Let w = 35 - 16. What is the remainder when o is divided by w?
18
Suppose -23 = 5*t - 48. Suppose -37 = -t*p + 2*i, 5*p + 0*i + i = 34. Suppose w = -p*w + 2152. What is the remainder when w is divided by 54?
53
Let z(u) = -2*u**3 - 12*u**2 + 3*u + 987. What is the remainder when z(0) is divided by 67?
49
Let p(l) = 165 + 130 - 13*l - 45 - 38. What is the remainder when p(16) is divided by 2?
0
Let j(g) = -3*g. Let w(t) = -2*t. Suppose -2*q - 8*q = -30. Let n(z) = q*j(z) - 3*w(z). Calculate the remainder when 23 is divided by n(-4).
11
Suppose -4*c = 6*o - 5*o + 451, 3*c + 327 = 3*o. Let l = -110 - c. Calculate the remainder when 11 is divided by l.
1
Let r = -298 - -487. Let q = -480 + r. Let g = -208 - q. What is the remainder when g is divided by 28?
27
Let o(w) = -57*w**2 + 539*w + 39. Let s(i) = -i**3 - 7*i**2 - 7*i + 7. What is the remainder when o(9) is divided by s(-7)?
49
Let l = 44 - 39. Let m be ((-6)/4)/((-69)/(-1564)). Calculate the remainder when m/(-85) - 118/(-5) is divided by l.
4
Let g = 97 - -76. Let z = g - -921. Suppose 922 = 16*f - z. Calculate the remainder when f is divided by 43.
40
Let s(i) = -4 + 40*i - 172*i**2 - 179*i**2 + 3 + 359*i**2. What is the remainder when s(-6) is divided by 2/(-3)*(-30)/2?
7
Suppose 0*h + h = -4*v + 78, 390 = 5*h - 4*v. Suppose -3*m - 1 = -5*i + 19, -i = 5*m - 4. Suppose g - i = 6. What is the remainder when h is divided by g?
8
Let n(j) = 7*j**2 + 13*j - 33. Let p be n(-9). Let x = 427 - p. What is the remainder when 369 is divided by x?
9
Suppose -9 - 14 = -j. Suppose 7*s - 375 - 81 = -8. What is the remainder when s is divided by j?
18
Let w = -4762 - -5833. Calculate the remainder when w is divided by 30.
21
Let u(y) = -5*y - 17. Let k be ((-46)/(-6) + 1)*60/(-10). Let g be (k/(-5))/(-2) - (-2)/10. Calculate the remainder when u(g) is divided by 6.
2
Let o be (12/9)/((-2)/12). Let q be 68/6*((-60)/o - 6). Suppose g = -0*g + q. What is the remainder when 49 is divided by g?
15
Let k be (-19 - -704)*(1 + -2). Let v = k + 716. Calculate the remainder when v is divided by (-4)/(-3)*(11 - -1).
15
Let t(f) = -2*f + 9. Let o be t(14). Let q = 27 + o. Suppose -3*z = 2*z - 385. Calculate the remainder when z is divided by q.
5
Suppose 0 = 28*i + 749 - 133. Let w be 25/20*(42 + 2). Let y = w - i. What is the remainder when y is divided by 21?
14
Let l = -4 - -381. What is the remainder when l is divided by 19?
16
Suppose -2*i - 4 + 2 = 0, 2*i = 5*p + 1813. Let b = 403 + p. What is the remainder when 277 is divided by b?
37
Let h(f) = f**2 + 78*f + 1096. What is the remainder when 1257 is divided by h(-61)?
18
Suppose -394*c + 397*c = 438. Let j = -58 + c. Calculate the remainder when j is divided by 27.
7
Let p = 95 + -123. Let j = p + 33. What is the remainder when (7/(-21))/((5/(-474))/j) is divided by 32?
30
Let l be 1 + 3 + (-3)/(-9)*6. Let q be 4 + ((-8)/l - (-1)/3). Suppose -q*k + 5*j + 550 = k, -3*k + 415 = -5*j. What is the remainder when k is divided by 46?
43
Suppose 5*x = 5*j + 895, -j + 390 = 7*x - 831. What is the remainder when 4541 is divided by x?
166
Let m(w) = 3*w**2 - 39*w - 39. Let u be m(14). Suppose -3*i - 171 = -5*i - z, -u*i + 274 = 5*z. What is the remainder when i is divided by 25?
8
What is the remainder when (((-5820)/(-36))/(-5)*-1)/(1/6) is divided by 70?
54
Suppose 0 = -2*j + j + 5. Let t(m) = -13*m + 5. Let f be t(0). Suppose -3*w = -37 - f. Calculate the remainder when w is divided by j.
4
Let t = -64 - -52. Suppose 3*g = 13 + 11. Calculate the remainder when 8*(-2)/t*15 is divided by g.
4
Let m be 14/35 - (-26)/10. Let x = 0 + m. Suppose x*l = c - 17, -2*c + 51 = c - 4*l. What is the remainder when 66 is divided by c?
15
Let u(c) = 3*c**2 - c + 6. Let i be u(-2). Let n = 55 - i. What is the remainder when 135 is divided by n?
30
Let z = -39 - -90. Let n = -23 + 63. Calculate the remainder when (-501)/(-5) - n/(-50) is divided by z.
50
Let i be (274/(-8))/((-44)/(-176)). Suppose 0*s + 5*s - g = 1119, 0 = s + 4*g - 228. Let v = s + i. What is the remainder when v is divided by 18?
15
Suppose -27*w + 3500 = -7*w. What is the remainder when -5 - (-5 - (5 + w)) is divided by 26?
24
Let d be 4/((-3 - 4)*8/(-42)). Let b(i) = 2*i**2 - 10*i + 23. Calculate the remainder when 41 is divided by b(d).
8
Let a = -50 + 125. Suppose -a = -8*f + 69. Let o = 5 - 2. What is the remainder when f is divided by o?
0
Let v(j) = 24 - 622*j + 631*j - j**3 - 13*j**2 + j**2. What is the remainder when 300 is divided by v(-13)?
72
Suppose 0 = 5*f - 16 + 1. Suppose -4*g - m = -f*m - 32, 3*m + 28 = 4*g. Calculate the remainder when 67 is divided by g.
7
Suppose -2*d + 3222 = -8*i, -20*d + 2*i + 7929 = -15*d. What is the remainder when d is divided by 13?
10
Suppose -425 = -5*s + 3360*d - 3365*d, -5*s = -d - 395. Calculate the remainder when s is divided by (-16)/(-6) + (-2)/(-6).
2
Let w = -156 + 156. Suppose -4*g - 130 = -3*s, -4*s = -w*s + g - 205. Calculate the remainder when 149 is divided by s.
49
Let l = 5647 + -5575. Calculate the remainder when 216 is divided by l.
0
Let p be 76/(2/1) + 2. Let s = -53 - -45. Calculate the remainder when 87 is divided by 54/s*p/(-15).
15
Let z be (2*-3 - -4)*273/(-2). Suppose 0*m = 7*m - z. Suppose h - 3*u = -0*u + 107, 3*h + 2*u = 354. What is the remainder when h is divided by m?
38
Let g be -4 - (0 + -12 + 4). Suppose g*y - 33 - 10 = 5*i, 9 = 3*y + 4*i. Suppose -y*u = -3*u - 132. What is the remainder when u is divided by 6?
3
Let g(u) = 3*u**2 + 107*u + 977. Calculate the remainder when 9906 is divided by g(-21).
48
Let p = -2143 - -2436. What is the remainder when p is divided by 50?
43
Let s(r) = r**2 - 13*r + 113. Calculate the remainder when 5275 is divided by s(11).
88
Let i = 8543 - 7276. What is the remainder when i is divided by 116?
107
Let j be (-324)/(-14) + (-4)/28. Let x = j - 20. Suppose 785 = x*n + 320. What is the remainder when n is divided by 26?
25
Suppose 3*x - 880 = -949. Let s(w) = w**3 + 25*w**2 + 44*w - 21. What is the remainder when s(x) is divided by 6?
1
Let x = 6702 + -6613. Calculate the remainder when x is divided by 21.
5
Let i = -436 + 466. What is the remainder when 49 is divided by (i/8)/((-21)/(-140))?
24
Let p(q) = q**2 - 29*q + 201. Let n be p(13). What is the remainder when (-75)/(-10) + n - (-1749)/6 is divided by 49?
47
Let n be 3*((-1268)/(-12) + -3). Let w = n - 158. Suppose b = -2*b + w. What is the remainder when b is divided by 13?
11
Let n = -903 - -907. Calculate the remainder when 1095 is divided by n.
3
Let v = -653 - -648. Let s(k) = 4*k**2 + 7*k - 21. What is the remainder when 351 is divided by s(v)?
43
Let t(v) = -2*v**3 - 6*v**2 - 8*v + 8. Let l be t(-4). Let h = l - 23. Suppose 0 = 5*f - 2*f - 78. Calculate the remainder when h is divided by f.
23
Let p be -8*(-6 + (-35)/(-4) + -4). Suppose 0 = -5*x - p + 145. What is the remainder when